{"id":5073,"date":"2016-01-26T10:09:24","date_gmt":"2016-01-26T09:09:24","guid":{"rendered":"http:\/\/meilinbristiel.com\/leblogdemeilin\/?page_id=5073"},"modified":"2016-02-01T09:14:01","modified_gmt":"2016-02-01T08:14:01","slug":"arabesques","status":"publish","type":"page","link":"https:\/\/meilinbristiel.com\/leblogdemeilin\/materials-and-patterns-2\/arabesques\/","title":{"rendered":"Arabesques"},"content":{"rendered":"<p><span style=\"color: #000000;\"><span style=\"font-family: 'Times New Roman', serif;\"><span style=\"font-size: medium;\"><em><strong>L&rsquo;<u>arabesque<\/u><\/strong><\/em> trouve son origine dans la p\u00e9riode hell\u00e9nistique, mais sa tres large diffusion g\u00e9ographique se fait sous l&#8217;empire Romain qui l&rsquo;exporte jusqu&rsquo;en Afrique du Nord. Le monde arabe l&rsquo;adopte alors, et c&rsquo;est dans cette partie du monde qu&rsquo;elle s&rsquo;\u00e9panouit pleinement au XIe si\u00e8cle, d&rsquo;o\u00f9 son nom. Il s&rsquo;agit d&rsquo;une composition florale stylis\u00e9e sym\u00e9trique qui s&rsquo;entrelace librement autour d&rsquo;un motif central. Elle est red\u00e9couverte et pl\u00e9biscit\u00e9e par la Renaissance italienne qui la diffuse en occident.<\/span><\/span><\/span><\/p>\n<p><em><strong>Musee de l&rsquo;Acropole, Athenes<\/strong><\/em><\/p>\n<p><img loading=\"lazy\" decoding=\"async\" class=\"alignnone size-full wp-image-2741\" src=\"https:\/\/meilinbristiel.com\/leblogdemeilin\/wp-content\/uploads\/2013\/09\/IMG_4273.jpg\" alt=\"IMG_4273\" width=\"427\" height=\"640\" srcset=\"https:\/\/meilinbristiel.com\/leblogdemeilin\/wp-content\/uploads\/2013\/09\/IMG_4273.jpg 427w, https:\/\/meilinbristiel.com\/leblogdemeilin\/wp-content\/uploads\/2013\/09\/IMG_4273-200x300.jpg 200w\" sizes=\"auto, (max-width: 427px) 100vw, 427px\" \/><\/p>\n<p><em><strong>Mus\u00e9e d\u00e9partemental Arles antique<\/strong><\/em><\/p>\n<p><img loading=\"lazy\" decoding=\"async\" class=\"alignnone size-full wp-image-5110\" src=\"https:\/\/meilinbristiel.com\/leblogdemeilin\/wp-content\/uploads\/2016\/01\/musee-arles.jpg\" alt=\"musee arles\" width=\"1280\" height=\"853\" srcset=\"https:\/\/meilinbristiel.com\/leblogdemeilin\/wp-content\/uploads\/2016\/01\/musee-arles.jpg 1280w, https:\/\/meilinbristiel.com\/leblogdemeilin\/wp-content\/uploads\/2016\/01\/musee-arles-300x200.jpg 300w, https:\/\/meilinbristiel.com\/leblogdemeilin\/wp-content\/uploads\/2016\/01\/musee-arles-1024x682.jpg 1024w\" sizes=\"auto, (max-width: 1280px) 100vw, 1280px\" \/><\/p>\n<p><img loading=\"lazy\" decoding=\"async\" class=\"alignnone size-full wp-image-5102\" src=\"https:\/\/meilinbristiel.com\/leblogdemeilin\/wp-content\/uploads\/2016\/01\/2.jpg\" alt=\"2\" width=\"720\" height=\"553\" srcset=\"https:\/\/meilinbristiel.com\/leblogdemeilin\/wp-content\/uploads\/2016\/01\/2.jpg 720w, https:\/\/meilinbristiel.com\/leblogdemeilin\/wp-content\/uploads\/2016\/01\/2-300x230.jpg 300w\" sizes=\"auto, (max-width: 720px) 100vw, 720px\" \/><\/p>\n<p><img loading=\"lazy\" decoding=\"async\" class=\"alignnone size-full wp-image-5101\" src=\"https:\/\/meilinbristiel.com\/leblogdemeilin\/wp-content\/uploads\/2016\/01\/1.jpg\" alt=\"1\" width=\"504\" height=\"745\" srcset=\"https:\/\/meilinbristiel.com\/leblogdemeilin\/wp-content\/uploads\/2016\/01\/1.jpg 504w, https:\/\/meilinbristiel.com\/leblogdemeilin\/wp-content\/uploads\/2016\/01\/1-203x300.jpg 203w\" sizes=\"auto, (max-width: 504px) 100vw, 504px\" \/><\/p>\n<p><span style=\"color: #000000;\"><span style=\"font-family: 'Times New Roman', serif;\"><span style=\"font-size: medium;\"><i><b>Gravure, Hans Collaert I, Hans Friedrick Collaert II, avant 1573, Rijksmuseum<\/b><\/i><\/span><\/span><\/span><\/p>\n<p><img loading=\"lazy\" decoding=\"async\" class=\"alignnone size-full wp-image-5105\" src=\"https:\/\/meilinbristiel.com\/leblogdemeilin\/wp-content\/uploads\/2016\/01\/Hans-Collaert-I-Hans-friedrick-collaert-II-avant-1573.jpg\" alt=\"Hans Collaert I, Hans friedrick collaert II, avant 1573\" width=\"2780\" height=\"3900\" srcset=\"https:\/\/meilinbristiel.com\/leblogdemeilin\/wp-content\/uploads\/2016\/01\/Hans-Collaert-I-Hans-friedrick-collaert-II-avant-1573.jpg 2780w, https:\/\/meilinbristiel.com\/leblogdemeilin\/wp-content\/uploads\/2016\/01\/Hans-Collaert-I-Hans-friedrick-collaert-II-avant-1573-214x300.jpg 214w, https:\/\/meilinbristiel.com\/leblogdemeilin\/wp-content\/uploads\/2016\/01\/Hans-Collaert-I-Hans-friedrick-collaert-II-avant-1573-730x1024.jpg 730w\" sizes=\"auto, (max-width: 2780px) 100vw, 2780px\" \/><\/p>\n<p><span style=\"color: #000000;\"><span style=\"font-family: 'Times New Roman', serif;\"><span style=\"font-size: medium;\"><i><b>Boiserie a la salamandre, Galerie Francois Ier, Chteau de Fontainebleau<\/b><\/i><\/span><\/span><\/span><\/p>\n<p><img loading=\"lazy\" decoding=\"async\" class=\"alignnone size-full wp-image-5104\" src=\"https:\/\/meilinbristiel.com\/leblogdemeilin\/wp-content\/uploads\/2016\/01\/boiserie-a-la-salamandre.jpg\" alt=\"boiserie a la salamandre\" width=\"631\" height=\"1400\" srcset=\"https:\/\/meilinbristiel.com\/leblogdemeilin\/wp-content\/uploads\/2016\/01\/boiserie-a-la-salamandre.jpg 631w, https:\/\/meilinbristiel.com\/leblogdemeilin\/wp-content\/uploads\/2016\/01\/boiserie-a-la-salamandre-135x300.jpg 135w, https:\/\/meilinbristiel.com\/leblogdemeilin\/wp-content\/uploads\/2016\/01\/boiserie-a-la-salamandre-462x1024.jpg 462w\" sizes=\"auto, (max-width: 631px) 100vw, 631px\" \/><\/p>\n<p><em><strong>\u00c9tienne de Lavall\u00e9e-Poussin (French, Rouen 1733\u20131793 Paris), Metropolitan museum of art<\/strong><\/em><\/p>\n<p><em><strong><img loading=\"lazy\" decoding=\"async\" class=\"alignnone size-full wp-image-5106\" src=\"https:\/\/meilinbristiel.com\/leblogdemeilin\/wp-content\/uploads\/2016\/01\/\u00c9tienne-de-Lavall\u00e9e-Poussin-French-Rouen-1733\u20131793-Paris-met.jpg\" alt=\"\u00c9tienne de Lavall\u00e9e-Poussin (French, Rouen 1733\u20131793 Paris) met\" width=\"482\" height=\"625\" srcset=\"https:\/\/meilinbristiel.com\/leblogdemeilin\/wp-content\/uploads\/2016\/01\/\u00c9tienne-de-Lavall\u00e9e-Poussin-French-Rouen-1733\u20131793-Paris-met.jpg 482w, https:\/\/meilinbristiel.com\/leblogdemeilin\/wp-content\/uploads\/2016\/01\/\u00c9tienne-de-Lavall\u00e9e-Poussin-French-Rouen-1733\u20131793-Paris-met-231x300.jpg 231w\" sizes=\"auto, (max-width: 482px) 100vw, 482px\" \/><\/strong><\/em><\/p>\n<p><em><strong>Gravures de C. Normand, 19e, Bibliotheque de l&rsquo;INHA<\/strong><\/em><\/p>\n<p><img loading=\"lazy\" decoding=\"async\" class=\"alignnone size-full wp-image-5103\" src=\"https:\/\/meilinbristiel.com\/leblogdemeilin\/wp-content\/uploads\/2016\/01\/Arabesques-C.-Normand-19e.jpg\" alt=\"Arabesques C. Normand 19e\" width=\"4056\" height=\"5424\" srcset=\"https:\/\/meilinbristiel.com\/leblogdemeilin\/wp-content\/uploads\/2016\/01\/Arabesques-C.-Normand-19e.jpg 4056w, https:\/\/meilinbristiel.com\/leblogdemeilin\/wp-content\/uploads\/2016\/01\/Arabesques-C.-Normand-19e-224x300.jpg 224w, https:\/\/meilinbristiel.com\/leblogdemeilin\/wp-content\/uploads\/2016\/01\/Arabesques-C.-Normand-19e-766x1024.jpg 766w\" sizes=\"auto, (max-width: 4056px) 100vw, 4056px\" \/><\/p>\n<p><em><strong>References:<\/strong><\/em><\/p>\n<p><a href=\"https:\/\/www.rijksmuseum.nl\/en\/explore-the-collection\" target=\"_blank\">https:\/\/www.rijksmuseum.nl\/en\/explore-the-collection<\/a><\/p>\n<p><a href=\"http:\/\/www.chateau-fontainebleau-education.fr\/pages\/dossiers\/renaissance\/renaissance_reperes.html#Anchor-47383\" target=\"_blank\">http:\/\/www.chateau-fontainebleau-education.fr\/pages\/dossiers\/renaissance\/renaissance_reperes.html#Anchor-47383<\/a><\/p>\n<p><a href=\"http:\/\/www.metmuseum.org\/collection\/the-collection-online\" target=\"_blank\">http:\/\/www.metmuseum.org\/collection\/the-collection-online<\/a><\/p>\n<p><a href=\"http:\/\/bibliotheque-numerique.inha.fr\/collection\/?navigation=cat&amp;b=1&amp;esa=resetall\" target=\"_blank\">http:\/\/bibliotheque-numerique.inha.fr\/collection\/?navigation=cat&amp;b=1&amp;esa=resetall<\/a><\/p>\n","protected":false},"excerpt":{"rendered":"<p>L&rsquo;arabesque trouve son origine dans la p\u00e9riode hell\u00e9nistique, mais sa tres large diffusion g\u00e9ographique se fait sous l&#8217;empire Romain qui l&rsquo;exporte jusqu&rsquo;en Afrique du Nord. Le monde arabe l&rsquo;adopte alors, et c&rsquo;est dans cette partie du monde qu&rsquo;elle s&rsquo;\u00e9panouit pleinement au XIe si\u00e8cle, d&rsquo;o\u00f9 son nom. Il s&rsquo;agit d&rsquo;une composition florale stylis\u00e9e sym\u00e9trique qui s&rsquo;entrelace [&hellip;]<\/p>\n","protected":false},"author":2,"featured_media":0,"parent":3967,"menu_order":0,"comment_status":"closed","ping_status":"closed","template":"","meta":{"site-sidebar-layout":"default","site-content-layout":"","ast-site-content-layout":"default","site-content-style":"default","site-sidebar-style":"default","ast-global-header-display":"","ast-banner-title-visibility":"","ast-main-header-display":"","ast-hfb-above-header-display":"","ast-hfb-below-header-display":"","ast-hfb-mobile-header-display":"","site-post-title":"","ast-breadcrumbs-content":"","ast-featured-img":"","footer-sml-layout":"","ast-disable-related-posts":"","theme-transparent-header-meta":"","adv-header-id-meta":"","stick-header-meta":"","header-above-stick-meta":"","header-main-stick-meta":"","header-below-stick-meta":"","astra-migrate-meta-layouts":"default","ast-page-background-enabled":"default","ast-page-background-meta":{"desktop":{"background-color":"var(--ast-global-color-4)","background-image":"","background-repeat":"repeat","background-position":"center center","background-size":"auto","background-attachment":"scroll","background-type":"","background-media":"","overlay-type":"","overlay-color":"","overlay-opacity":"","overlay-gradient":""},"tablet":{"background-color":"","background-image":"","background-repeat":"repeat","background-position":"center center","background-size":"auto","background-attachment":"scroll","background-type":"","background-media":"","overlay-type":"","overlay-color":"","overlay-opacity":"","overlay-gradient":""},"mobile":{"background-color":"","background-image":"","background-repeat":"repeat","background-position":"center center","background-size":"auto","background-attachment":"scroll","background-type":"","background-media":"","overlay-type":"","overlay-color":"","overlay-opacity":"","overlay-gradient":""}},"ast-content-background-meta":{"desktop":{"background-color":"var(--ast-global-color-5)","background-image":"","background-repeat":"repeat","background-position":"center center","background-size":"auto","background-attachment":"scroll","background-type":"","background-media":"","overlay-type":"","overlay-color":"","overlay-opacity":"","overlay-gradient":""},"tablet":{"background-color":"var(--ast-global-color-5)","background-image":"","background-repeat":"repeat","background-position":"center center","background-size":"auto","background-attachment":"scroll","background-type":"","background-media":"","overlay-type":"","overlay-color":"","overlay-opacity":"","overlay-gradient":""},"mobile":{"background-color":"var(--ast-global-color-5)","background-image":"","background-repeat":"repeat","background-position":"center center","background-size":"auto","background-attachment":"scroll","background-type":"","background-media":"","overlay-type":"","overlay-color":"","overlay-opacity":"","overlay-gradient":""}},"ngg_post_thumbnail":0,"footnotes":""},"class_list":["post-5073","page","type-page","status-publish","hentry"],"_links":{"self":[{"href":"https:\/\/meilinbristiel.com\/leblogdemeilin\/wp-json\/wp\/v2\/pages\/5073","targetHints":{"allow":["GET"]}}],"collection":[{"href":"https:\/\/meilinbristiel.com\/leblogdemeilin\/wp-json\/wp\/v2\/pages"}],"about":[{"href":"https:\/\/meilinbristiel.com\/leblogdemeilin\/wp-json\/wp\/v2\/types\/page"}],"author":[{"embeddable":true,"href":"https:\/\/meilinbristiel.com\/leblogdemeilin\/wp-json\/wp\/v2\/users\/2"}],"replies":[{"embeddable":true,"href":"https:\/\/meilinbristiel.com\/leblogdemeilin\/wp-json\/wp\/v2\/comments?post=5073"}],"version-history":[{"count":6,"href":"https:\/\/meilinbristiel.com\/leblogdemeilin\/wp-json\/wp\/v2\/pages\/5073\/revisions"}],"predecessor-version":[{"id":5191,"href":"https:\/\/meilinbristiel.com\/leblogdemeilin\/wp-json\/wp\/v2\/pages\/5073\/revisions\/5191"}],"up":[{"embeddable":true,"href":"https:\/\/meilinbristiel.com\/leblogdemeilin\/wp-json\/wp\/v2\/pages\/3967"}],"wp:attachment":[{"href":"https:\/\/meilinbristiel.com\/leblogdemeilin\/wp-json\/wp\/v2\/media?parent=5073"}],"curies":[{"name":"wp","href":"https:\/\/api.w.org\/{rel}","templated":true}]}}